y - c = 2. What is the tens digit of y?
1
Let s(u) = -2*u + 4. What is the tens digit of s(-17)?
3
Let q(j) = -2*j - 7. Let c be q(-6). Suppose -d = -c*d + 80. What is the units digit of d?
0
Let a be (3 + -4)/((-2)/8). Suppose -23 = -w - a*r - 5, 2*w - 23 = 5*r. What is the units digit of w?
4
What is the units digit of 33/2 - 6/12?
6
Suppose -3*g = i + 53, -3*g - 103 = -5*i - 332. Let z = -25 - i. What is the tens digit of z?
2
Let b(r) = -r**2 + 8*r + 8. Let l be b(8). Suppose l*s - 4*s = 0. Suppose s = -4*a + 22 - 6. What is the units digit of a?
4
Let s(u) = -11*u - 4. What is the tens digit of s(-2)?
1
Let a = -12 + 15. Suppose 6 + 3 = a*n. What is the units digit of n?
3
What is the tens digit of 29 + (0 - (-1 + -2))?
3
Suppose 40 = -13*g + 17*g. What is the tens digit of g?
1
Let h be 1/2 + (-1)/(-2). Let g(j) = -h - 2 + 0*j - 2*j - 2. What is the units digit of g(-6)?
7
What is the units digit of ((-15)/(-20))/(1/(-4)) + 99?
6
Let a(p) = 9*p + 207. What is the hundreds digit of a(0)?
2
Suppose -11*u = -8*u - 189. What is the tens digit of u?
6
Let u be -2*(-3 - (0 - 2)). Suppose -p - 19 = -u*p. What is the units digit of p?
9
Suppose -9 = -4*l + 11. Suppose 2*y - 11 = -2*j + 25, -4*y = l*j - 74. Suppose 0 = -3*t - t + y. What is the units digit of t?
4
Let h(f) = -8*f - 27. What is the tens digit of h(-9)?
4
Suppose -8*i + 126 = -2*i. What is the units digit of i?
1
Let w(v) be the second derivative of 7*v**4/4 - v**3/3 + v**2/2 + 2*v. What is the units digit of w(1)?
0
Let w = 10 + -4. Let z = w + -3. Let a = z - 2. What is the units digit of a?
1
Let j = 112 + 48. What is the hundreds digit of j?
1
Let u = 51 + -31. Suppose 0 = 2*j + 3*j - u. Suppose 20 = j*f - 24. What is the tens digit of f?
1
Suppose 0 = -2*i - 4*u + 48, -2*i + 75 = -7*u + 2*u. What is the units digit of i?
0
Suppose -5*d + 0*d + 80 = 0. What is the tens digit of d?
1
Suppose 0 = -7*l + 15 + 139. What is the tens digit of l?
2
Suppose -4 - 11 = -i. Let w = i - 11. What is the units digit of w?
4
What is the units digit of 618/9 + 2/(-3)?
8
Suppose -s - 90 = 4*s. Let m be s/(-7)*(-3 + 73). What is the tens digit of 4/6*m/8?
1
Suppose -123 = -0*j - 3*j + 5*b, -b - 3 = 0. What is the units digit of j?
6
Suppose -778 = -12*g + 458. What is the hundreds digit of g?
1
Suppose 2*r - 3*r + 19 = 0. What is the units digit of r/5 + (-1)/(-5)?
4
Suppose 0 = -0*p - p + 78. What is the units digit of 2/13 - (-768)/p?
0
Let a = -16 - -6. Suppose -3*q + 14 = -2*q. Let l = q + a. What is the units digit of l?
4
Let n = 18 + 79. Suppose -3*m - 4 = -n. What is the tens digit of m?
3
Let i = -15 + 21. What is the units digit of i?
6
Let c = -16 + 8. Let l be 1/((-20)/19 + 1). Let z = c - l. What is the tens digit of z?
1
Suppose -27 = 6*f - 9*f. What is the units digit of f?
9
Suppose 2*m = -3*m + 50. Suppose 0 = 2*x + 3*b, 5*x = 5*b - 0 + 25. Suppose -l = -5*l - x*z + m, -4*z = 8. What is the units digit of l?
4
Let j(o) = o**2 - 6*o + 4. Let a be j(6). Let v be (-6 + a)*(-11 - 0). Suppose 2*l = -4 + v. What is the units digit of l?
9
Let y(f) = f**2 + 7*f + 1 + 0 - 10. Let q be y(-7). What is the units digit of -2 + (-51)/q*3?
5
Let c = -3 + -2. What is the tens digit of (54/(-10) - -3)*c?
1
Let f = 22 - 8. What is the tens digit of f?
1
Let q = -6 + 6. Suppose -11 = -q*r - r. What is the units digit of r?
1
Suppose -29 = -5*t - 4. Suppose 4*b + 0*f - 2*f = -2, b - t*f + 5 = 0. Suppose 2*o - 6*r + 2*r = 6, 3*o - 5*r - 8 = b. What is the units digit of o?
1
Let y = 7 + 3. What is the tens digit of y?
1
Let y(r) = 3 + 6*r**3 + 0 - 7 + 3. What is the units digit of y(1)?
5
Let v = 1 + 0. What is the units digit of (v - 0)*(1 - -1)?
2
Suppose 4*q = 26 - 6. Let b = 9 - q. What is the units digit of b?
4
Let x be 145/7 - 4/(-14). Let c = x - 13. Suppose -4*u + c + 48 = 0. What is the units digit of u?
4
Suppose 5*b - 3*b = 4. What is the units digit of b?
2
Suppose 5*j - 3 - 12 = 0. Suppose 3*a + 2*k - 106 = -2*a, 0 = 5*a + j*k - 109. What is the units digit of a?
0
Let d = 6 - 9. Let k be 1 + 37 + (0 - d). What is the units digit of (-6)/24 - k/(-4)?
0
Suppose 2*c - 5*c + 36 = -5*z, -z - 3 = 0. What is the units digit of -2 + -1 + c + 2?
6
What is the units digit of (-29)/(-2)*(-4)/(-2)?
9
Let i = -5 - -15. What is the units digit of i?
0
What is the units digit of (-1)/(5/(-1745)) - (-2)/1?
1
Suppose -f = -53 - 25. What is the units digit of f?
8
Let h(w) = 2*w - 6. Suppose -1 = -r + 3. Suppose -2*s = -3*s + r. What is the units digit of h(s)?
2
Let z(s) = 2*s - 1. Let w be z(1). Let h be (w + -3)/((-2)/8). Suppose v + h - 21 = -5*b, -b - 3 = 3*v. What is the units digit of b?
3
Let r = 13 + 14. What is the units digit of r?
7
Suppose 2*a - 3*a = -5. Suppose a = 2*q - q. What is the units digit of q?
5
Let d be 2/6 - (-40)/15. Suppose v - 26 = -j, 0 = 3*v - j - d*j - 57. What is the tens digit of v?
2
Let i(n) = 2*n**2 + 21*n - 1. Let f(g) = g**2 + 11*g - 1. Let q(h) = -11*f(h) + 6*i(h). What is the units digit of q(-8)?
9
Let u(l) = -2*l**3 - 2*l - 1. Suppose 4*c + 12 = -0*c - 4*w, -2 = 2*w. What is the tens digit of u(c)?
1
Let d(x) = 10*x + 2. What is the units digit of d(1)?
2
Let i(a) = 4*a**2 - 9*a - 3. Let f be (5 - (-4 + 2))*1. Let b(h) = 3*h**2 - 6*h - 2. Let l(t) = f*b(t) - 5*i(t). What is the units digit of l(-4)?
5
Let v(t) = t**3 + 14*t**2 - 17*t - 20. Let f be v(-15). Let w(x) = -2*x + x**2 - 7*x + 0 - 9. What is the units digit of w(f)?
1
Let m(t) = -t - 2. Let s be m(-5). Suppose 18 = -0*k + s*k. What is the units digit of k?
6
Let w(y) = -235*y - 8. What is the hundreds digit of w(-1)?
2
Suppose 4*x = 7*x. Suppose 6 = -2*g - 0. What is the units digit of x + 2 - g - -2?
7
What is the tens digit of 3 - -98*3/3?
0
Let d be (208/24)/((-4)/(-6)). Suppose 0 = 5*t - 10, -t = -4*o + d + 9. Let a(q) = q**2 - 4*q - 7. What is the units digit of a(o)?
5
Let r be (-1)/(-3) + (-8)/6. Let h = r + 2. What is the units digit of h?
1
Let f be (-5*(-1 - -3))/(-2). Let i = f - 9. What is the units digit of (-10)/i*(-72)/(-20)?
9
Let t = -20 + 45. Let l = t + -17. Suppose 4*d - 12 = l. What is the units digit of d?
5
Let x(t) be the first derivative of -2*t**2 - 4*t + 4. What is the tens digit of x(-5)?
1
Suppose -72 = -2*g + 24. What is the tens digit of g?
4
Let o be (-2)/3 - (-41)/3. Suppose o = n - 2*n. What is the tens digit of (1 + -3)/(2/n)?
1
Let c be 28/16 - (-1)/4. Suppose -2*p + c = 10. What is the units digit of (2 - p - 1) + -2?
3
Let k be 1/(0 + (-2)/(-2)). Let c(q) = -q + 17. Let m be c(12). Let j = m - k. What is the units digit of j?
4
Let l(h) = 3*h**2 - 6*h + 4. Let g(q) = -3*q**2 + q**2 + 6*q - 3 - 1. Let x(j) = -4*g(j) - 3*l(j). What is the units digit of x(-6)?
4
Let a(m) = -15*m**2 - m - 19. Let j(r) = -7*r**2 - 9. Let c(l) = 6*a(l) - 13*j(l). Let q be c(5). What is the units digit of (-1)/(q + -1 + 2)?
1
Suppose 5*j = 146 + 214. What is the units digit of ((-2)/6)/((-8)/j)?
3
Suppose 58 + 163 = l. What is the tens digit of l?
2
Let c = -150 - -221. Let y = c + -42. What is the tens digit of y?
2
Suppose 0*d = 3*d + 36. What is the units digit of ((-15)/d + -2)*-20?
5
Let v be 8/(-20) - 42/(-5). Let q(k) = 4*k - 3. What is the units digit of q(v)?
9
Suppose 6*k - 20 = 2*k. Suppose -3*f + 5*f - 24 = -4*u, k*u + 2*f = 28. Suppose -l + u*l = 9. What is the units digit of l?
3
Let n be -1*(-8)/2 - 2. Suppose 12 = 4*l - 4*s, n*s = 4*l - l - 6. Suppose 5*b - 29 - 6 = l. What is the units digit of b?
7
Let w(f) = -f + 11. Let d be (0 - 0)/(2 - 3). What is the tens digit of w(d)?
1
Let p = -51 - -90. Let c = p - 22. What is the units digit of c?
7
Let h(k) = -k**3 + 2*k**2 + 2. Let a be h(2). Suppose a*g - 3*b = 19, -2*g + 16 = b - 3*b. What is the units digit of g?
5
Let x be ((-6)/(-9))/((-4)/(-174)). Suppose 5*g - 158 = -2*m - x, -3*m + 126 = 5*g. What is the tens digit of g?
2
Let u be (-1)/3 + 40/12. Suppose -1 = -2*d - u, -2*v + 5*d + 17 = 0. What is the units digit of v?
6
Let u(s) = 4*s - 12. Let p be ((-7)/2 + -2)*-2. What is the tens digit of u(p)?
3
Let i(h) = 11*h. Let k = -8 - -10. What is the units digit of i(k)?
2
Let l(m) = -m + 1. Let c(s) = s - 2. Let t(x) = -2*c(x) - 5*l(x). Let r be (1 - 0) + (-1 - -2). What is the units digit of t(r)?
5
Let g(s)